{"id":5,"date":"2022-01-20T09:54:52","date_gmt":"2022-01-20T09:54:52","guid":{"rendered":"https:\/\/coprusa.es\/sociedad\/?page_id=5"},"modified":"2022-01-27T10:01:09","modified_gmt":"2022-01-27T10:01:09","slug":"crea-tu-web-con-bloques","status":"publish","type":"page","link":"https:\/\/coprusa.es\/sociedad\/","title":{"rendered":"Informaci\u00f3n"},"content":{"rendered":"\n<div style=\"height:50px\" aria-hidden=\"true\" class=\"wp-block-spacer\"><\/div>\n\n\n\n<div class=\"wp-block-columns alignwide are-vertically-aligned-top is-layout-flex wp-container-core-columns-is-layout-9d6595d7 wp-block-columns-is-layout-flex\">\n<div class=\"wp-block-column is-vertically-aligned-top is-layout-flow wp-block-column-is-layout-flow\">\n<h3 class=\"wp-block-heading\" id=\"1-registro\">1. Registro. <\/h3>\n\n\n\n<p>Si a\u00fan no est\u00e1 registrado, seleccione el men\u00fa &#8216;Juntas&#8217; o &#8216;Consejos&#8217; , le aparecer\u00e1 entonces un cuadro de di\u00e1logo de acceso, seleccione &#8216;<em><strong>Registro<\/strong><\/em>&#8216; (en la parte baja e izquierda del cuadro) para poder darse de alta en esta web. Al indicar su nombre de usuario y correo electr\u00f3nico, recibir\u00e1 por e-mail un enlace con instrucciones para obtener su acceso estableciendo una contrase\u00f1a.<\/p>\n<\/div>\n\n\n\n<div class=\"wp-block-column is-vertically-aligned-top is-layout-flow wp-block-column-is-layout-flow\">\n<h3 class=\"wp-block-heading\" id=\"2-seleccione-su-opcion\">2. Seleccione su opci\u00f3n.<\/h3>\n\n\n\n<p>Para tener acceso a la informaci\u00f3n relativa a Consejos de Administraci\u00f3n y Juntas de Accionistas de la sociedad COPRUSA, por favor, seleccione la opci\u00f3n adecuada en el <strong>men\u00fa<\/strong> superior.<\/p>\n<\/div>\n\n\n\n<div class=\"wp-block-column is-vertically-aligned-top is-layout-flow wp-block-column-is-layout-flow\">\n<h3 class=\"wp-block-heading\" id=\"3-informacion-publica\">3. Informaci\u00f3n P\u00fablica.<\/h3>\n\n\n\n<p>Toda la informaci\u00f3n relativa a COPRUSA de acceso libre puede obtenerse sin necesidad de registro en el apartado &#8216;<em><strong>P\u00fablica<\/strong><\/em>&#8216; del men\u00fa de acceso.<\/p>\n<\/div>\n<\/div>\n","protected":false},"excerpt":{"rendered":"<p>1. Registro. Si a\u00fan no est\u00e1 registrado, seleccione el men\u00fa &#8216;Juntas&#8217; o &#8216;Consejos&#8217; , le aparecer\u00e1 entonces un cuadro de di\u00e1logo de acceso, seleccione &#8216;Registro&#8216; (en la parte baja e izquierda del cuadro) para poder darse de alta en esta web. Al indicar su nombre de usuario y correo electr\u00f3nico, recibir\u00e1 por e-mail un enlace&hellip; <a class=\"more-link\" href=\"https:\/\/coprusa.es\/sociedad\/\">Seguir leyendo <span class=\"screen-reader-text\">Informaci\u00f3n<\/span><\/a><\/p>\n","protected":false},"author":1,"featured_media":0,"parent":0,"menu_order":0,"comment_status":"closed","ping_status":"closed","template":"","meta":{"footnotes":""},"class_list":["post-5","page","type-page","status-publish","hentry","entry"],"_links":{"self":[{"href":"https:\/\/coprusa.es\/sociedad\/wp-json\/wp\/v2\/pages\/5","targetHints":{"allow":["GET"]}}],"collection":[{"href":"https:\/\/coprusa.es\/sociedad\/wp-json\/wp\/v2\/pages"}],"about":[{"href":"https:\/\/coprusa.es\/sociedad\/wp-json\/wp\/v2\/types\/page"}],"author":[{"embeddable":true,"href":"https:\/\/coprusa.es\/sociedad\/wp-json\/wp\/v2\/users\/1"}],"replies":[{"embeddable":true,"href":"https:\/\/coprusa.es\/sociedad\/wp-json\/wp\/v2\/comments?post=5"}],"version-history":[{"count":11,"href":"https:\/\/coprusa.es\/sociedad\/wp-json\/wp\/v2\/pages\/5\/revisions"}],"predecessor-version":[{"id":83,"href":"https:\/\/coprusa.es\/sociedad\/wp-json\/wp\/v2\/pages\/5\/revisions\/83"}],"wp:attachment":[{"href":"https:\/\/coprusa.es\/sociedad\/wp-json\/wp\/v2\/media?parent=5"}],"curies":[{"name":"wp","href":"https:\/\/api.w.org\/{rel}","templated":true}]}}